se -494168 = -286*i + 2456780. What are the prime factors of i?
2, 7, 11, 67
Suppose -2*b = -5*h - 35070, h = -563 + 565. List the prime factors of b.
2, 5, 877
Let g(z) = z**2 - 21*z + 24. Let y be g(18). Let s = y + 34. List the prime factors of ((-8)/(-6))/(s/72).
2, 3
Let s(m) = -29 + 2 + 44*m + 40*m - 89*m. What are the prime factors of s(-10)?
23
Let d(a) = 12304*a + 1564. What are the prime factors of d(3)?
2, 9619
Let x = -910 - -284. Let i be (-2)/(-6) - (-8)/48*x. Let h = i - -108. List the prime factors of h.
2
Let a = -61 - -69. Suppose 63 - 7 = a*i. Suppose -8*q = -i*q - 122. What are the prime factors of q?
2, 61
Suppose -216 + 48 = -3*r. Suppose -4*g + r = 4*g. Suppose 2*p - 125 - g = 0. What are the prime factors of p?
2, 3, 11
Let r(f) = 3*f**3 + 12*f**2 + 10*f + 3. Let i be r(-4). Let k = i + 41. List the prime factors of 260 + -4*(k - 3).
2
Suppose 77 = 6*i - 43. Suppose -i + 0 = -5*s. Suppose -s*a = 2*a - 300. List the prime factors of a.
2, 5
Let g = 8542 + -8539. Let y(l) = 0*l - 31 + 42*l + 64*l. What are the prime factors of y(g)?
7, 41
Suppose 4*p - 1605 = 7*p. Let t = -274 - p. Let j = t + -104. What are the prime factors of j?
157
Let n(z) = 48*z**3 + 2*z - 1. Let m be ((-12)/9)/(3 - 33/9). Suppose m*a - 6 = -4. List the prime factors of n(a).
7
Let j = -46 - -55. Let u be -3 + j/3 + 1 + 2. Suppose 5*p + 415 = 5*g - 0*p, -u*p + 219 = 3*g. What are the prime factors of g?
2, 3, 13
Let k(q) = 13*q**2 + 477*q + 88. List the prime factors of k(-39).
2, 17, 37
Let t(z) = 317*z**2 - 10*z - 3. What are the prime factors of t(-2)?
5, 257
Suppose r - 2*b = -4, -20 = -5*r - 5*b + 5. Let t be 3 + (3 + r - 4). List the prime factors of ((-222)/9)/(t/(-18)).
3, 37
Suppose -15 = -10*z + 5*z. Let w(c) = -12*c**3 + z + 7*c**3 - c**2 + 2 - 2*c**3. What are the prime factors of w(-2)?
3, 19
Let q(z) = -6 - 93*z**2 - 7*z + 52*z**2 + 48*z**2 - z**3. Let f be q(5). Let a = 23 + f. List the prime factors of a.
2
Let n(k) = 4*k**2 - 16*k - 14. Let d be n(-6). Let q = d - -313. What are the prime factors of q?
7, 11
Suppose y + 38435 = 4*k, 33*y + 9617 = k + 30*y. What are the prime factors of k?
2, 1201
Let m be (-1)/6 + 1713/18. Suppose -k - 28 = -m. List the prime factors of k.
67
Suppose 0 = 3*l + u + 1304 - 17020, 0 = -l + 5*u + 5212. What are the prime factors of l?
5237
What are the prime factors of 1601*(-1 + 4)/(-8*36/(-1056))?
11, 1601
Let x be (-1 - 331)/4*-1. Let j = -79 + x. Suppose 0 = j*s - 173 - 123. List the prime factors of s.
2, 37
Let t(j) = -j**3 + 20*j**2 + 2*j - 22. Let d(p) = -p - 13. Let m be d(-21). Let l be t(m). Let f = -505 + l. List the prime factors of f.
257
Let s = -5581 - -14994. What are the prime factors of s?
9413
List the prime factors of 2132/4264*((-3)/2)/((-6)/39464).
4933
What are the prime factors of ((-16240)/(-48))/((28/(-12))/(-7))?
5, 7, 29
Suppose z + s - 6*s - 77 = 0, 4*s - 284 = -4*z. What are the prime factors of 168/z*(-4)/(4/(-87))?
7, 29
Let v(o) = 4*o**3 + 6*o - 51. Suppose 307 = 5*g + 277. What are the prime factors of v(g)?
3, 283
Let b(z) = 382*z - 6380. What are the prime factors of b(77)?
2, 3, 11, 349
Let v = 3735 + 86. Suppose -8*z = -1963 - v. List the prime factors of z.
3, 241
List the prime factors of (-9474255)/(-609) + 10/(-145).
47, 331
Let l be (-1242)/39 + (-4)/26. Let d(z) = -15*z - 141. List the prime factors of d(l).
3, 113
Let m = -11 - 9. What are the prime factors of (-12)/20 + (-8192)/m?
409
Suppose -2*y + 5 = 35. List the prime factors of -3 + (-48)/(-15) - 1227/y.
2, 41
Let g(p) = -p**3 - 7*p**2 + 12*p + 28. Let l be g(-8). Let z be 1*(-4 + 1 + l + 2). List the prime factors of 2*((-1)/z + (-2538)/(-60)).
5, 17
Suppose -5*y + 2*k + 51836 = 0, -4*y - 20730 = -6*y + 3*k. List the prime factors of y.
2, 3
Let r = 12606 - 8664. Suppose 0 = -11*o + r - 1335. List the prime factors of o.
3, 79
Let r(q) = q**2 + 5*q - 81. Let g(h) = 16*h - 18. Let l be g(-1). List the prime factors of r(l).
5, 181
Suppose 5*l + 0*k = k + 23, -4*l - 4*k + 28 = 0. Suppose 3*p = 4*p + 2, l*q + p = 4358. List the prime factors of q.
2, 109
Suppose 12*y = -6*y - 838 + 17254. What are the prime factors of y?
2, 3, 19
Let m = -568 - -1675. Suppose m = l - 793. List the prime factors of l.
2, 5, 19
Let d(f) = f**3 + 15*f**2 - 4*f - 18. Let o be d(-12). Suppose -4*z + g - 369 = 0, -4*g = -5*z - 3*g - o. Let j = 31 - z. What are the prime factors of j?
2, 31
Let g = 2271 + -2213. Suppose 2*s = -6, -2*f = -4*s - 264 + 10. Let r = f - g. What are the prime factors of r?
3, 7
Let q be ((-3)/2)/(6/(-8)). Suppose 0 = q*g - a - 287, -273 - 304 = -4*g + 5*a. What are the prime factors of g?
11, 13
Let r = -1289 - -5726. Suppose -19*f + 16*f = -r. What are the prime factors of f?
3, 17, 29
Let l = 353 + 528. What are the prime factors of (-222 - l)/(-1*(-2)/(-2))?
1103
Let a = 3254 - 3254. Suppose k + 0*k = 159. Suppose 647 = 4*r - b, 3*b + k = r - a*r. List the prime factors of r.
2, 3
Let f(h) = -4*h + 22. Let o be f(5). Suppose 0*m - 3*m + 7 = o*c, 0 = -5*m + 2*c + 33. List the prime factors of 36 + m*(-2)/(-5).
2, 19
Let q(j) = -2*j**2 + 2*j - 3. Let m be q(2). Let i(z) = -23*z - 36. Let p be i(m). Let h = 196 - p. What are the prime factors of h?
71
Suppose -40*s + 8823 = -37*s - 3*k, 5*s - 14645 = -5*k. What are the prime factors of s?
5, 587
Suppose 3*l + u = -2*u + 150, 5*u = -l + 50. List the prime factors of (l/(-15))/5 - (-1028)/12.
5, 17
Suppose -22*y + 25*y - 330 = 0. Suppose -5*r = 10, -2*o + 3*r - 480 + y = 0. Let i = o + 293. List the prime factors of i.
3, 5, 7
Let n(v) = -v**3 - 5*v**2 + 3. Let d be n(-5). Suppose 4*u = -3*m + 2, -3*m + 4*u - 2*u + 26 = 0. What are the prime factors of m/(-18) - (-181)/d?
2, 3, 5
Let a(y) = 357 + 126*y**2 - 128*y**2 + 24 + y. What are the prime factors of a(0)?
3, 127
Let a = -214 + 219. Let h(u) = 4*u**3 - 6*u - 6. What are the prime factors of h(a)?
2, 29
Let p = 24031 + 8964. What are the prime factors of p?
5, 6599
Let a(p) be the first derivative of p**4/6 - 5*p**3/3 + 5*p**2 - 4*p + 1. Let g(z) be the first derivative of a(z). List the prime factors of g(9).
2, 41
Suppose -16*u + 18*u - 5*z = 70927, 5*u = 3*z + 177384. What are the prime factors of u?
3, 11827
Let l(w) = 295*w + 77. What are the prime factors of l(9)?
2, 683
Suppose -2*g + 8107 = 5*v - 28175, 3*v = 4*g + 21738. What are the prime factors of v?
2, 3, 13, 31
Suppose -2*a = 4*b - 187130, 4*b + 28*a = 24*a + 187128. What are the prime factors of b?
11, 4253
List the prime factors of (22*137)/(10830/300 + -36).
2, 5, 11, 137
Suppose 0 = -m + g + 839, -2*g - 374 - 469 = -m. Suppose m = -27*l + 7126. What are the prime factors of l?
233
Suppose 0 = 50*b - 62*b + 600. Suppose -44*w + b*w = 4656. What are the prime factors of w?
2, 97
Suppose 209982 = 7*c - 293204 - 31397. List the prime factors of c.
76369
Suppose -4*q + 4 = -4. Let u(x) = 47*x + 3 + 15*x + 10 + 2. What are the prime factors of u(q)?
139
Let i(b) = -b**2 + 18*b. Let x = -2 - -3. Let u(l) = -l + 1. Let s(f) = x*i(f) - 2*u(f). List the prime factors of s(10).
2, 7
Let m = -22 + 33. Let q(k) = -2 + 33*k**2 + k + 0 + m*k**2. What are the prime factors of q(1)?
43
Let c = -268 - -272. Suppose c*r - 346 = 1482. What are the prime factors of r?
457
Let s(u) = u**2 + 3*u + 9. Let j be s(-6). Suppose 560 = v + 2*b, -j = 3*v - b - 1672. Suppose -8*h = -10*h + v. List the prime factors of h.
5, 11
Suppose -1085 = -15*n - 305. What are the prime factors of (-4)/(-26) - (-6 - 460/n)?
3, 5
Suppose -u - 22 - 12 = -5*f, 4*u = 2*f - 10. Suppose s + f - 31 = 0. Suppose 2*i - 124 - s = 0. List the prime factors of i.
2, 37
Suppose -5*r + 4*u + 45 = 0, 5*r - 40 = 5*u - 2*u. Suppose -r*a + 8*a = 0. Suppose a = 5*x + 3*m + 19 - 148, 4*x = 2*m + 112. What are the prime factors of x?
3
Let t(x) = -x**3 - 2*x**2 - 3*x. Let j be t(0). Suppose j = m + 2*h - 710, -3*m + 4*h + 2361 = 231. List the prime factors of m.
2, 5, 71
Let h(z) = 11 - 21*z + 9*z**2 + 21*z + 0*z - z**3. List the prime factors of h(4).
7, 13
Suppose 2*u = 3*t - 46, u = 3*t - 2 - 48. Let m = t - 16. Suppose 0 = m*k - 5*o - 121, -2*k + 0*o + 151 = o. What are the prime factors of k?
73
Suppose -g + 1 = 0, -30*g = -3*p - 28*g + 88063. List the prime factors of p.
3, 5, 19, 10